 Give a(k).
-6
Suppose 0 = 5*a, 24*g - 3 = 21*g + a. Let q(f) = 11*f**2 + 1. Give q(g).
12
Let z(j) = -5*j. Let t = -59 - -71. Let g be (-2 + t/8)*(1 + 3). Give z(g).
10
Suppose 4*v - 19 - 1 = 0. Let t(r) be the first derivative of 2*r - 2*r**2 + 11 + 1/3*r**3. Give t(v).
7
Let c = 0 + 11. Let h(x) = x**3 - 11*x**2 + 3*x. Let o be h(c). Suppose -5*f - o = -3. Let v(j) = j**3 + 7*j**2 + 5*j - 1. Calculate v(f).
5
Let l(h) = 70*h - 12*h - h**2 + 9 - 60*h. Determine l(-4).
1
Let x(y) = y**3 - 10*y**2 + 9*y - 7. Let j(m) = m**3 - 6*m**2 + 4*m - 15. Let n be j(6). Determine x(n).
-7
Let c(b) = 4*b**2 - 2*b - 1. Let n = 472 + -469. Calculate c(n).
29
Suppose 0 = 14*p - 9*p. Suppose c - 3*r = 0, p*c + 5*r = -c - 24. Let j(d) = -d**2 - 8*d + 12. Determine j(c).
3
Let f(i) = 10 - 11 + i + 0*i - 2*i. Suppose -j = 2*x - 6*j + 6, 3*x + 9 = 4*j. Calculate f(x).
2
Let y(f) = f. Let v be (-3)/(-2)*-8*(-13)/2. Let g = 71 - v. Calculate y(g).
-7
Let b(x) = x**2 + 4*x + 1. Let t = -38 + 38. Suppose i = 5*i + 3*q + 10, i + 4*q - 4 = t. Give b(i).
1
Let v(q) = -10*q + 6 + 4 + 9*q**2 - 4. Suppose -4*y - u = -2*y - 16, y + 4*u = 22. Let a(x) = 5*x**2 - 5*x + 3. Let k(n) = y*v(n) - 11*a(n). Calculate k(-4).
7
Let t(m) = 5*m**3 + 6*m**2 - 8*m - 4. Let a(l) = 22*l**3 + 23*l**2 - 31*l - 17. Let z(s) = 2*a(s) - 9*t(s). Determine z(-9).
-7
Let n(x) be the third derivative of -x**6/120 - 2*x**5/15 - 7*x**4/12 + 22*x**2 - 24. Determine n(-5).
-5
Let l(w) = -2*w + 15. Suppose 5*q - 40 = y, 0 = -4*q + 9*y - 6*y + 43. What is l(q)?
1
Let l(n) be the third derivative of n**6/120 - n**5/12 - n**4/4 - 5*n**3/3 + 759*n**2. What is l(6)?
-10
Let t(j) be the second derivative of 0 + 1/20*j**5 - 5/6*j**3 - 2*j**2 + 1/3*j**4 + j. Calculate t(-5).
-4
Let m(p) be the first derivative of -3*p**2/2 - 15*p + 83. Give m(-7).
6
Let p(q) = -13 - q - 5*q**3 + 9 + 4*q**3 - 25 - 23*q**2. Calculate p(-23).
-6
Let h(k) = 2*k + 60. Let u(v) = 3*v + 88. Let r(f) = -7*h(f) + 5*u(f). What is r(-14)?
6
Let n(s) be the second derivative of s**3/6 - 13*s**2/2 + 2*s + 21. Calculate n(6).
-7
Let b(z) = -618 - 7*z - 5*z + 614. Determine b(-1).
8
Let n = 8 - 2. Let a(z) = -z - 2. Calculate a(n).
-8
Let h(k) = -k**3 + k + 5. Let o = 41 + -30. Suppose 6*l = o*l. Let u be 6/(l + -3) + 2. Give h(u).
5
Let v(c) = c**3 + c**2 + 7. Let q(x) = -x**2 + 5*x - 4. Let d be q(4). Let n be v(d). Let m(r) = -4*r - 12 + 2 + 0*r + n. What is m(4)?
-19
Let u(y) = -6*y**2 - 7*y + 8. Let v(m) = 6*m + 20. Let f be v(-4). Let k(o) = 2*o + 5*o**2 + 3*o + o - 7. Let b(s) = f*u(s) - 5*k(s). Give b(-4).
-5
Let f(s) = 8*s**3 + 4*s**2 - 8*s - 23. Let l(i) = -3*i**3 - i**2 + 3*i + 8. Let c(p) = -4*f(p) - 11*l(p). Determine c(5).
-1
Let a(x) = -x + 34. Let c be a(30). Let s(r) = 2 + 0*r + 5*r - 4*r - 6. Calculate s(c).
0
Let w be ((-576)/(-384))/((-6)/(-8)). Let k(u) = 12*u - 30. Calculate k(w).
-6
Let l(n) = -n**3 - 7*n**2 + 8*n + 8. Suppose -4*k = -7*k + 3*h - 66, -5*k - 101 = -2*h. Let x(g) = -g - 27. Let o be x(k). Give l(o).
8
Let p(w) = 5*w + 2. Suppose 3*z + 2 = 5. Let a(h) = -h - 1. Let b(f) = z*p(f) + 3*a(f). Let y = -5 - -2. What is b(y)?
-7
Let j = -18 - -10. Let q = 2 + j. Let l(t) = 14*t**3 + 8*t - 6*t**3 + 8 - 5*t**2 - 9*t**3. Determine l(q).
-4
Let m(q) = -6*q + 19. Let k be m(5). Let l(s) = s**3 + 16*s**2 - 4*s + 7. Let p(b) = -2*b**3 - 33*b**2 + 7*b - 13. Let c(w) = -13*l(w) - 6*p(w). Give c(k).
-2
Suppose -6*s - 536 = -2*s. Let h = 128 + s. Let n(w) = 3*w + 8. Calculate n(h).
-10
Suppose 0 = 5*c - 7*c. Let w(v) = 4 - v + 2*v + 1. What is w(c)?
5
Let m(c) = -c. Let v(t) = -23*t + 8. Let z(q) = -15*q + 5. Suppose 4*j + 6*j = 50. Let u(w) = j*v(w) - 8*z(w). Let r(x) = -21*m(x) - 3*u(x). Give r(1).
6
Let x(p) be the first derivative of -7*p**3/3 + 5*p**2 - 5*p - 27. Let z(f) = -8*f**2 + 11*f - 6. Let k(o) = 7*x(o) - 6*z(o). Calculate k(4).
1
Let f(l) = l**2 + 5*l - 6. Suppose 0 = -5*d + 56 - 16. Suppose -d*u = -5*u - 12. Suppose 0 = 3*v, 0*v + u*v + 21 = -3*r. Calculate f(r).
8
Let f(p) = -p**3 - 18*p**2 + 6*p - 8. Let s(n) = -2*n**3 - 36*n**2 + 13*n - 17. Let x(v) = -13*f(v) + 6*s(v). What is x(-18)?
2
Let v(w) be the first derivative of -w**3/3 - 9*w**2/2 - 7*w - 45. Determine v(-6).
11
Let s(d) = d**3 + 6*d**2 - 12*d - 40. Let w be s(-7). Let u(o) = -5*o - 7. What is u(w)?
18
Let n(u) be the third derivative of u**6/120 - 7*u**5/30 + 13*u**4/24 - 2*u**3/3 - 118*u**2. Determine n(13).
-4
Let m = 18 - 15. Let y(w) be the second derivative of w**5/20 - w**4/3 + w**3/2 + 2*w**2 + 9*w. Determine y(m).
4
Let w(l) = 8 - 13 - 3*l + 1 + l**2 - 2*l. Let q be 18*-4*3/(-36). Give w(q).
2
Let k(i) = 31*i - 22. Let f(p) = 38*p - 22. Let s(c) = -5*f(c) + 6*k(c). Give s(-6).
2
Suppose 22 = -2*i - 5*z, i + 22 = -2*i - 2*z. Let k = i + 8. Let m(x) = -18 + 39 - 17 + k*x. Calculate m(-4).
-4
Let z be (-11)/22*(0/(-1))/1. Let j(p) = p. Give j(z).
0
Let c(j) = -11 - 5*j - 6*j + 253*j**2 - 252*j**2. What is c(12)?
1
Let s(r) = -r**2 - r + 2. Let h(w) = -3*w**2 + 2*w + 1. Let z(m) = -h(m) + 2*s(m). Determine z(2).
-1
Let f(a) = -7*a**2 - 6*a - 3. Let q(y) = 5*y**2 + 5*y + 4. Let s(r) = 2*f(r) + 3*q(r). Give s(-4).
10
Let n(f) = -2*f**3 + 3*f - 2. Let i = 341 + -337. Let m be 2 + (2 - 0) + -2. Suppose 3 = m*b + 1, 2*d - i*b = 0. Calculate n(d).
-12
Let q be 6/12 - 12/(-8). Let d(a) = 26*a**2 - 48*a**2 + 2 + 20*a**q + a. Determine d(3).
-13
Let o(p) = 0*p**3 - 4*p + p**3 - 4 + 4*p**2 + 0*p. Let s be ((-132)/(-4))/(-11) + -1 + -1. Give o(s).
-9
Let m(u) = -2*u - 8. Let x = -7 + 34. Suppose 4*r + 3*h + x + 12 = 0, -r = 2*h + 16. Determine m(r).
4
Let h(s) = -s**3 - s**2 + 10*s + 5. Suppose q + 100 = j + 93, 0 = -5*q + 2*j - 26. Calculate h(q).
13
Let g be -3 - (-3 + 2 + 1). Let q(t) = -t**2 - t. Calculate q(g).
-6
Let a = -59 + 121. Let q = -42 + a. Suppose -5*k - q = -10*k. Let f(h) = h**3 - 4*h**2 + 2*h - 1. Give f(k).
7
Let m be -20 + 15 + 9 + -2. Let x(l) be the second derivative of 1/2*l**m + 0 - 1/3*l**3 + 2*l. Determine x(2).
-3
Let a be 3/(-2) - 28/(-8). Let i(p) = -5*p + a*p - 3 + 9*p. Calculate i(3).
15
Let c = 10 - 7. Suppose -5*s + 2*s + c*n - 15 = 0, -2*s - 13 = -n. Let r be s/44 - 212/44. Let u(t) = t + 8. Determine u(r).
3
Let t(u) = -2*u**3 - 3*u**2 + 16*u**3 - 15*u**3 + 3*u - 1. Give t(-4).
3
Suppose 0 = n - 0*n - 1. Let w(g) be the third derivative of -1/6*g**3 + 0 - 1/120*g**6 + 0*g + 1/60*g**5 + 6*g**2 + 0*g**4. Give w(n).
-1
Let k(f) = f**3 + 10*f**2 + 10*f + 11. Let y be 27*((-48)/(-18) - 3). Determine k(y).
2
Let d(c) be the third derivative of c**5/60 + 3*c**4/8 - 2*c**3/3 + 5*c**2. Suppose 2741*l - 40 = 2745*l. Determine d(l).
6
Suppose -4*w + 3*c = -19, w - 2*c - 8 = 2*c. Let h(t) = -t**3 + 5*t**2 - 3*t - 1. Let x(n) = 1. Let m(a) = h(a) - 2*x(a). Calculate m(w).
1
Let j be 0*(10/40)/((-1)/4). Let o(x) = -x**3 - x**2 + x - 11. Determine o(j).
-11
Let p = 69 + -59. Let i = -9 + p. Let m(j) be the third derivative of j**4/4 + 3*j**2. What is m(i)?
6
Let y(v) = -v - 1. Let x(f) = f + 4. Let n(c) = x(c) + 2*y(c). Let g(t) = -t**2 - 8*t - 10. Let j be g(-8). Let q = j - -14. Determine n(q).
-2
Let u(x) = -x**2 + 6*x - 3. Suppose 24 = 5*i - 2*i. Suppose 3*y - i*y + 20 = 0. Calculate u(y).
5
Suppose -4*h = -6*h - 2. Let l be 17 + -2 + (-1)/h. Let t = -9 + l. Let v(a) = -2*a + 8. Calculate v(t).
-6
Suppose -4*c + 25 = -5*b, -7*c + 10*c - 10 = 2*b. Let j(g) = 3*g + 4. What is j(b)?
-11
Let x(j) = -j**3 - j - 1. Let a(b) = -b**3 - 10*b + 2. Let g(v) = a(v) - 2*x(v). Let n(r) = r**3 - r**2 - 8*r + 4. Let y(p) = 5*g(p) - 6*n(p). What is y(7)?
3
Let c(w) = -w**3 - 9*w**2 - 14*w + 5. Let d be c(-7). Let b(m) = m**2 - 4*m - 4. Calculate b(d).
1
Let z(a) = -5*a**2 + 119*a + 27. Let p be z(24). Let c(l) = -l**3 + 2*l**2 - 3*l + 1. What is c(p)?
-17
Suppose -3*v + 14 = -3*j + j, -j - 21 = -5*v. Let b(s) be the first derivative of -v + 1/4*s**4 - 4/3*s**3 - s + s**2. Determine b(3).
-4
Suppose 500*x = 504*x + 24. Let r(l) = l**3 + 6*l**2 + 8*l + 4. What is r(x)?
-44
Let a(q) be the third derivative of q**5/60 - q**4/6 - 2*q**3/3 + 67*q**2. Let p(t) = -t**3 + 6*t**2 + 7*t + 3. Let o be p(7). Calculate a(o).
-7
Suppose -5*b + 5*d = -b + 34, 5*b = -2*d - 26. Let s(p) = -p**3 - 7*p**2 - 2*p + 6. Determine s(b).
-18
Let p(o) be the second d